{"id":1140,"date":"2023-03-28T11:18:13","date_gmt":"2023-03-28T09:18:13","guid":{"rendered":"https:\/\/maria-magdalena-gemeinde.de\/lukas-test-020122\/?page_id=1140"},"modified":"2025-06-02T21:45:54","modified_gmt":"2025-06-02T19:45:54","slug":"elternbeirat","status":"publish","type":"page","link":"https:\/\/maria-magdalena-gemeinde.de\/KITA-Lukas\/elternbeirat\/","title":{"rendered":"Elternbeirat"},"content":{"rendered":"\t\t<div data-elementor-type=\"wp-page\" data-elementor-id=\"1140\" class=\"elementor elementor-1140\">\n\t\t\t\t\t\t<section class=\"elementor-section elementor-top-section elementor-element elementor-element-2a04dc3 elementor-section-boxed elementor-section-height-default elementor-section-height-default\" data-id=\"2a04dc3\" data-element_type=\"section\" data-e-type=\"section\" id=\"top\">\n\t\t\t\t\t\t<div class=\"elementor-container elementor-column-gap-default\">\n\t\t\t\t\t<div class=\"elementor-column elementor-col-100 elementor-top-column elementor-element elementor-element-87601b8\" data-id=\"87601b8\" data-element_type=\"column\" data-e-type=\"column\">\n\t\t\t<div class=\"elementor-widget-wrap elementor-element-populated\">\n\t\t\t\t\t\t<div class=\"elementor-element elementor-element-f8def0a elementor-widget elementor-widget-text-editor\" data-id=\"f8def0a\" data-element_type=\"widget\" data-e-type=\"widget\" data-widget_type=\"text-editor.default\">\n\t\t\t\t<div class=\"elementor-widget-container\">\n\t\t\t\t\t\t\t\t\t<p>Wir m\u00f6chten die verschiedenen Lebenswelten Ihres Kindes, Ihrer Familie und der Kindertagesst\u00e4tte miteinander verkn\u00fcpfen. Der Elternbeirat unterst\u00fctzt und gew\u00e4hrleistet mit seiner Arbeit den regelm\u00e4\u00dfigen Austausch zwischen den Eltern und der Kindertagesst\u00e4tte.<\/p><p>Dazu trifft sich der Elternbeirat mit der Kita-Leitung und dem zust\u00e4ndigen Pfarrer sowie dem Kirchenvorstand als Vertreter der Tr\u00e4gerorganisation viermal im Jahr und bespricht die aktuelle Situation, Projekte, Aktivit\u00e4ten, Veranstaltungen, Anliegen von Eltern und vieles mehr. Als Elternbeirat nehmen wir an verschiedenen Aussch\u00fcssen teil, beispielsweise im KiTa-Gesamtausschuss der Lukas- und Oster-Kindertagesst\u00e4tten oder dem Platzvergabe-Ausschuss. \u00dcber die Teilnahme im Personal-Ausschuss ist der Elternbeirat auch an der Personalsuche und -einstellung aktiv beteiligt. Zentrale Informationen gibt der Elternbeirat an alle Eltern mittels eines regelm\u00e4\u00dfigen Newsletters weiter. Liebe Eltern, bitte meldet Euch f\u00fcr den Newsletter einmalig an, um diesen regelm\u00e4\u00dfig per Email zu erhalten!<\/p><p>In jedem Kindergartengartenjahr wird im Herbst ein neuer Elternbeirat gew\u00e4hlt \u2013 hierzu k\u00f6nnen Kandidatinnen und Kandidaten auf einer Liste als Vorschlag eingetragen werden oder sich selbst eintragen. Alle Kandidatinnen und Kandidaten \u2013 maximal 12 &#8211; stellen sich per Aushang der Elternschaft vor. Wahlberechtigt sind alle Eltern der Kindertagesst\u00e4tte und es k\u00f6nnen bis zu 6 Elternteile als Elternbeir\u00e4te gew\u00e4hlt werden. Dies wird im Nachgang meist mit einer Wahlparty vor Ort gefeiert. In hessischen Kindertagesst\u00e4tten sind die Bildung und Beteiligung von Elternbeir\u00e4ten gesetzlich geregelt. Die Kita-Tr\u00e4gereinrichtungen legen die konkrete Ausgestaltung der Beteiligung fest. Die vertrauensvolle, engagierte und gute Kooperation zwischen Eltern, Erzieherinnen und Erziehern und dem Tr\u00e4ger der Einrichtung ist f\u00fcr alle Beteiligten ein Gewinn.<\/p><p>Wir freuen uns sehr \u00fcber interessierte Eltern, die sich mit Freude und Engagement f\u00fcr die Belange ihrer Kinder einsetzen und einbringen m\u00f6chten. Gerne kommen wir mit allen Eltern in den Austausch, vielleicht ja beim n\u00e4chsten Treffen am Caf\u00e9mobil vor dem Kindergarten?!<\/p>\t\t\t\t\t\t\t\t<\/div>\n\t\t\t\t<\/div>\n\t\t\t\t\t<\/div>\n\t\t<\/div>\n\t\t\t\t\t<\/div>\n\t\t<\/section>\n\t\t\t\t<section class=\"elementor-section elementor-top-section elementor-element elementor-element-5c5d4a2 elementor-section-boxed elementor-section-height-default elementor-section-height-default\" data-id=\"5c5d4a2\" data-element_type=\"section\" data-e-type=\"section\">\n\t\t\t\t\t\t<div class=\"elementor-container elementor-column-gap-default\">\n\t\t\t\t\t<div class=\"elementor-column elementor-col-50 elementor-top-column elementor-element elementor-element-66dbdee\" data-id=\"66dbdee\" data-element_type=\"column\" data-e-type=\"column\" data-settings=\"{&quot;background_background&quot;:&quot;classic&quot;}\">\n\t\t\t<div class=\"elementor-widget-wrap elementor-element-populated\">\n\t\t\t\t\t\t<div class=\"elementor-element elementor-element-548877e elementor-widget elementor-widget-text-editor\" data-id=\"548877e\" data-element_type=\"widget\" data-e-type=\"widget\" data-widget_type=\"text-editor.default\">\n\t\t\t\t<div class=\"elementor-widget-container\">\n\t\t\t\t\t\t\t\t\t<p><strong>Kontakt<\/strong><\/p>\t\t\t\t\t\t\t\t<\/div>\n\t\t\t\t<\/div>\n\t\t\t\t<div class=\"elementor-element elementor-element-34e3524 elementor-icon-list--layout-traditional elementor-list-item-link-full_width elementor-widget elementor-widget-icon-list\" data-id=\"34e3524\" data-element_type=\"widget\" data-e-type=\"widget\" data-widget_type=\"icon-list.default\">\n\t\t\t\t<div class=\"elementor-widget-container\">\n\t\t\t\t\t\t\t<ul class=\"elementor-icon-list-items\">\n\t\t\t\t\t\t\t<li class=\"elementor-icon-list-item\">\n\t\t\t\t\t\t\t\t\t\t\t<a href=\"mailto:elternlukaskita@gmx.de\" target=\"_blank\">\n\n\t\t\t\t\t\t\t\t\t\t\t\t<span class=\"elementor-icon-list-icon\">\n\t\t\t\t\t\t\t<i aria-hidden=\"true\" class=\"far fa-envelope-open\"><\/i>\t\t\t\t\t\t<\/span>\n\t\t\t\t\t\t\t\t\t\t<span class=\"elementor-icon-list-text\">Email an Elternbeirat senden<\/span>\n\t\t\t\t\t\t\t\t\t\t\t<\/a>\n\t\t\t\t\t\t\t\t\t<\/li>\n\t\t\t\t\t\t<\/ul>\n\t\t\t\t\t\t<\/div>\n\t\t\t\t<\/div>\n\t\t\t\t\t<\/div>\n\t\t<\/div>\n\t\t\t\t<div class=\"elementor-column elementor-col-50 elementor-top-column elementor-element elementor-element-d2376d6\" data-id=\"d2376d6\" data-element_type=\"column\" data-e-type=\"column\">\n\t\t\t<div class=\"elementor-widget-wrap elementor-element-populated\">\n\t\t\t\t\t\t<div class=\"elementor-element elementor-element-a8ca43d elementor-view-default elementor-widget elementor-widget-icon\" data-id=\"a8ca43d\" data-element_type=\"widget\" data-e-type=\"widget\" data-widget_type=\"icon.default\">\n\t\t\t\t<div class=\"elementor-widget-container\">\n\t\t\t\t\t\t\t<div class=\"elementor-icon-wrapper\">\n\t\t\t<div class=\"elementor-icon\">\n\t\t\t<svg xmlns=\"http:\/\/www.w3.org\/2000\/svg\" xmlns:xlink=\"http:\/\/www.w3.org\/1999\/xlink\" id=\"Ebene_1\" x=\"0px\" y=\"0px\" width=\"87.874px\" height=\"87.874px\" viewBox=\"254.645 371.857 87.874 87.874\" xml:space=\"preserve\"><g>\t<path d=\"M298.579,372.572c26.563,0,43.516,22.483,43.516,43.512c0,8.778-1.535,15.576-6.09,22.212  c-1.535-1.929-5.902-1.407-7.801-2.894c0.926-2.797,3.488-3.174,4.908-6.218c3.023-6.479,0.717-15.967-5.234-18.329  c-10.65-4.228-15.592,10.307-12.109,18.001c1.242,2.746,4.371,3.801,4.908,6.873c-5.178,1.367-10.863,2.228-13.418,6.218  c5.623,2.231,9.889,5.952,10.482,13.213c-10.789,6.223-28.163,5.973-39.362-0.528c0.345-6.093,4.489-9.035,7.932-12.028  c-3.159-2.515-8.37-2.977-12.11-4.91c0.396-2.428,3.044-3.215,4.255-5.236c3.259-5.438,1.986-14.119-2.291-17.673  c-9.776-8.125-18.827,6.958-14.728,16.365c1.563,3.587,4.894,3.943,5.236,7.2c-1.625,0.338-3.505,0.422-4.909,0.98  c-4.308-7.187-6.695-10.968-6.695-23.246C255.069,395.278,272.019,372.572,298.579,372.572z M301.694,438.021  c9.113-3.593,6.938-21.394-1.637-23.238c-13.034-2.806-16.094,18.771-6.22,23.565c0.198,0.675-0.528,2.272,0.655,1.964  c2.168-0.445,5.033-0.445,7.201,0C301.694,439.549,301.694,438.785,301.694,438.021z\"><\/path><\/g><\/svg>\t\t\t<\/div>\n\t\t<\/div>\n\t\t\t\t\t\t<\/div>\n\t\t\t\t<\/div>\n\t\t\t\t\t<\/div>\n\t\t<\/div>\n\t\t\t\t\t<\/div>\n\t\t<\/section>\n\t\t\t\t<section class=\"elementor-section elementor-top-section elementor-element elementor-element-c56f7af elementor-section-boxed elementor-section-height-default elementor-section-height-default\" data-id=\"c56f7af\" data-element_type=\"section\" data-e-type=\"section\">\n\t\t\t\t\t\t<div class=\"elementor-container elementor-column-gap-default\">\n\t\t\t\t\t<div class=\"elementor-column elementor-col-100 elementor-top-column elementor-element elementor-element-1217f97\" data-id=\"1217f97\" data-element_type=\"column\" data-e-type=\"column\">\n\t\t\t<div class=\"elementor-widget-wrap elementor-element-populated\">\n\t\t\t\t\t\t<div class=\"elementor-element elementor-element-e63e5bb elementor-icon-list--layout-traditional elementor-list-item-link-full_width elementor-widget elementor-widget-icon-list\" data-id=\"e63e5bb\" data-element_type=\"widget\" data-e-type=\"widget\" data-widget_type=\"icon-list.default\">\n\t\t\t\t<div class=\"elementor-widget-container\">\n\t\t\t\t\t\t\t<ul class=\"elementor-icon-list-items\">\n\t\t\t\t\t\t\t<li class=\"elementor-icon-list-item\">\n\t\t\t\t\t\t\t\t\t\t\t<a href=\"#top\">\n\n\t\t\t\t\t\t\t\t\t\t\t\t<span class=\"elementor-icon-list-icon\">\n\t\t\t\t\t\t\t<i aria-hidden=\"true\" class=\"fas fa-arrow-up\"><\/i>\t\t\t\t\t\t<\/span>\n\t\t\t\t\t\t\t\t\t\t<span class=\"elementor-icon-list-text\">nach oben<\/span>\n\t\t\t\t\t\t\t\t\t\t\t<\/a>\n\t\t\t\t\t\t\t\t\t<\/li>\n\t\t\t\t\t\t<\/ul>\n\t\t\t\t\t\t<\/div>\n\t\t\t\t<\/div>\n\t\t\t\t\t<\/div>\n\t\t<\/div>\n\t\t\t\t\t<\/div>\n\t\t<\/section>\n\t\t\t\t<\/div>\n\t\t","protected":false},"excerpt":{"rendered":"<p>Wir m\u00f6chten die verschiedenen Lebenswelten Ihres Kindes, Ihrer Familie und der Kindertagesst\u00e4tte miteinander verkn\u00fcpfen. Der Elternbeirat unterst\u00fctzt und gew\u00e4hrleistet mit seiner Arbeit den regelm\u00e4\u00dfigen Austausch zwischen den Eltern und der Kindertagesst\u00e4tte. Dazu trifft sich der Elternbeirat mit der Kita-Leitung und dem zust\u00e4ndigen Pfarrer sowie dem Kirchenvorstand als Vertreter der Tr\u00e4gerorganisation viermal im Jahr und bespricht &hellip; <\/p>\n","protected":false},"author":2,"featured_media":0,"parent":0,"menu_order":0,"comment_status":"closed","ping_status":"closed","template":"","meta":{"footnotes":""},"class_list":["post-1140","page","type-page","status-publish","hentry"],"_links":{"self":[{"href":"https:\/\/maria-magdalena-gemeinde.de\/KITA-Lukas\/wp-json\/wp\/v2\/pages\/1140","targetHints":{"allow":["GET"]}}],"collection":[{"href":"https:\/\/maria-magdalena-gemeinde.de\/KITA-Lukas\/wp-json\/wp\/v2\/pages"}],"about":[{"href":"https:\/\/maria-magdalena-gemeinde.de\/KITA-Lukas\/wp-json\/wp\/v2\/types\/page"}],"author":[{"embeddable":true,"href":"https:\/\/maria-magdalena-gemeinde.de\/KITA-Lukas\/wp-json\/wp\/v2\/users\/2"}],"replies":[{"embeddable":true,"href":"https:\/\/maria-magdalena-gemeinde.de\/KITA-Lukas\/wp-json\/wp\/v2\/comments?post=1140"}],"version-history":[{"count":48,"href":"https:\/\/maria-magdalena-gemeinde.de\/KITA-Lukas\/wp-json\/wp\/v2\/pages\/1140\/revisions"}],"predecessor-version":[{"id":1854,"href":"https:\/\/maria-magdalena-gemeinde.de\/KITA-Lukas\/wp-json\/wp\/v2\/pages\/1140\/revisions\/1854"}],"wp:attachment":[{"href":"https:\/\/maria-magdalena-gemeinde.de\/KITA-Lukas\/wp-json\/wp\/v2\/media?parent=1140"}],"curies":[{"name":"wp","href":"https:\/\/api.w.org\/{rel}","templated":true}]}}