{"id":15,"date":"2022-01-02T19:08:56","date_gmt":"2022-01-02T18:08:56","guid":{"rendered":"https:\/\/maria-magdalena-gemeinde.de\/lukas-test-020122\/?page_id=15"},"modified":"2025-06-02T21:45:55","modified_gmt":"2025-06-02T19:45:55","slug":"ueber-uns","status":"publish","type":"page","link":"https:\/\/maria-magdalena-gemeinde.de\/KITA-Lukas\/ueber-uns\/","title":{"rendered":"Team"},"content":{"rendered":"\t\t<div data-elementor-type=\"wp-page\" data-elementor-id=\"15\" class=\"elementor elementor-15\">\n\t\t\t\t\t\t<section class=\"elementor-section elementor-top-section elementor-element elementor-element-f312a4c elementor-section-boxed elementor-section-height-default elementor-section-height-default\" data-id=\"f312a4c\" data-element_type=\"section\" data-e-type=\"section\">\n\t\t\t\t\t\t<div class=\"elementor-container elementor-column-gap-default\">\n\t\t\t\t\t<div class=\"elementor-column elementor-col-100 elementor-top-column elementor-element elementor-element-b85a33d\" data-id=\"b85a33d\" data-element_type=\"column\" data-e-type=\"column\">\n\t\t\t<div class=\"elementor-widget-wrap elementor-element-populated\">\n\t\t\t\t\t\t<div class=\"elementor-element elementor-element-9eda8e8 elementor-widget__width-initial elementor-widget elementor-widget-image\" data-id=\"9eda8e8\" data-element_type=\"widget\" data-e-type=\"widget\" data-widget_type=\"image.default\">\n\t\t\t\t<div class=\"elementor-widget-container\">\n\t\t\t\t\t\t\t\t\t\t\t\t\t\t\t<img decoding=\"async\" src=\"https:\/\/maria-magdalena-gemeinde.de\/KITA-Lukas\/wp-content\/uploads\/2023\/12\/Team_2023-scaled.jpg\" title=\"Team_2023\" alt=\"Team_2023\" loading=\"lazy\" \/>\t\t\t\t\t\t\t\t\t\t\t\t\t\t\t<\/div>\n\t\t\t\t<\/div>\n\t\t\t\t<div class=\"elementor-element elementor-element-6e7010a elementor-widget elementor-widget-text-editor\" data-id=\"6e7010a\" data-element_type=\"widget\" data-e-type=\"widget\" data-widget_type=\"text-editor.default\">\n\t\t\t\t<div class=\"elementor-widget-container\">\n\t\t\t\t\t\t\t\t\t<p><br \/>Wir, das sind neun p\u00e4dagogische Fachkr\u00e4fte mit unterschiedlichen Stellenanteilen, eine Hauswirtschafterin und eine Reinigungskraft. Um unsere gemeinsame p\u00e4dagogische Aufgabe zu bew\u00e4ltigen, treffen wir uns zu einem regelm\u00e4\u00dfigen Austausch in unserer Teamsitzung. Hier besprechen wir die p\u00e4dagogische Planung wie Angebote, Ausfl\u00fcge, Projekte und Feste. Besonders wichtig sind uns: regelm\u00e4\u00dfige Fallbesprechungen, die Reflexion unserer Arbeit und neue Impulse durch regelm\u00e4\u00dfige Teilnahme an Fort- und Weiterbildungen.<\/p>\t\t\t\t\t\t\t\t<\/div>\n\t\t\t\t<\/div>\n\t\t\t\t\t<\/div>\n\t\t<\/div>\n\t\t\t\t\t<\/div>\n\t\t<\/section>\n\t\t\t\t<section class=\"elementor-section elementor-top-section elementor-element elementor-element-1536a80 elementor-section-boxed elementor-section-height-default elementor-section-height-default\" data-id=\"1536a80\" data-element_type=\"section\" data-e-type=\"section\">\n\t\t\t\t\t\t<div class=\"elementor-container elementor-column-gap-default\">\n\t\t\t\t\t<div class=\"elementor-column elementor-col-50 elementor-top-column elementor-element elementor-element-f345137\" data-id=\"f345137\" data-element_type=\"column\" data-e-type=\"column\">\n\t\t\t<div class=\"elementor-widget-wrap elementor-element-populated\">\n\t\t\t\t\t\t<div class=\"elementor-element elementor-element-c5dd40e elementor-widget elementor-widget-image\" data-id=\"c5dd40e\" data-element_type=\"widget\" data-e-type=\"widget\" data-widget_type=\"image.default\">\n\t\t\t\t<div class=\"elementor-widget-container\">\n\t\t\t\t\t\t\t\t\t\t\t\t<figure class=\"wp-caption\">\n\t\t\t\t\t\t\t\t\t\t\t<a href=\"https:\/\/maria-magdalena-gemeinde.de\/KITA-Lukas\/ueber-uns\/raeumlichkeiten\/\">\n\t\t\t\t\t\t\t<img fetchpriority=\"high\" decoding=\"async\" width=\"300\" height=\"169\" src=\"https:\/\/maria-magdalena-gemeinde.de\/KITA-Lukas\/wp-content\/uploads\/2022\/02\/cropped-gj_architekten_03-300x169.jpg\" class=\"attachment-medium size-medium wp-image-175\" alt=\"Foto: Gottstein John Architekten\" srcset=\"https:\/\/maria-magdalena-gemeinde.de\/KITA-Lukas\/wp-content\/uploads\/2022\/02\/cropped-gj_architekten_03-300x169.jpg 300w, https:\/\/maria-magdalena-gemeinde.de\/KITA-Lukas\/wp-content\/uploads\/2022\/02\/cropped-gj_architekten_03-1024x577.jpg 1024w, https:\/\/maria-magdalena-gemeinde.de\/KITA-Lukas\/wp-content\/uploads\/2022\/02\/cropped-gj_architekten_03-768x432.jpg 768w, https:\/\/maria-magdalena-gemeinde.de\/KITA-Lukas\/wp-content\/uploads\/2022\/02\/cropped-gj_architekten_03-1536x865.jpg 1536w, https:\/\/maria-magdalena-gemeinde.de\/KITA-Lukas\/wp-content\/uploads\/2022\/02\/cropped-gj_architekten_03.jpg 1920w\" sizes=\"(max-width: 300px) 100vw, 300px\" \/>\t\t\t\t\t\t\t\t<\/a>\n\t\t\t\t\t\t\t\t\t\t\t<figcaption class=\"widget-image-caption wp-caption-text\">Entdecken Sie unsere R\u00e4umlichkeiten          \u00a9 Gottstein John Architekten<\/figcaption>\n\t\t\t\t\t\t\t\t\t\t<\/figure>\n\t\t\t\t\t\t\t\t\t<\/div>\n\t\t\t\t<\/div>\n\t\t\t\t\t<\/div>\n\t\t<\/div>\n\t\t\t\t<div class=\"elementor-column elementor-col-50 elementor-top-column elementor-element elementor-element-75ec3f1\" data-id=\"75ec3f1\" data-element_type=\"column\" data-e-type=\"column\">\n\t\t\t<div class=\"elementor-widget-wrap elementor-element-populated\">\n\t\t\t\t\t\t<div class=\"elementor-element elementor-element-fab9857 elementor-widget__width-initial elementor-widget elementor-widget-image\" data-id=\"fab9857\" data-element_type=\"widget\" data-e-type=\"widget\" data-widget_type=\"image.default\">\n\t\t\t\t<div class=\"elementor-widget-container\">\n\t\t\t\t\t\t\t\t\t\t\t\t<figure class=\"wp-caption\">\n\t\t\t\t\t\t\t\t\t\t\t<a href=\"https:\/\/maria-magdalena-gemeinde.de\/KITA-Lukas\/ueber-uns\/raeumlichkeiten\/video-rundgang\/\">\n\t\t\t\t\t\t\t<img decoding=\"async\" width=\"1024\" height=\"683\" src=\"https:\/\/maria-magdalena-gemeinde.de\/KITA-Lukas\/wp-content\/uploads\/2023\/08\/IMG_7110-1024x683.jpg\" class=\"attachment-large size-large wp-image-1611\" alt=\"\" srcset=\"https:\/\/maria-magdalena-gemeinde.de\/KITA-Lukas\/wp-content\/uploads\/2023\/08\/IMG_7110-1024x683.jpg 1024w, https:\/\/maria-magdalena-gemeinde.de\/KITA-Lukas\/wp-content\/uploads\/2023\/08\/IMG_7110-300x200.jpg 300w, https:\/\/maria-magdalena-gemeinde.de\/KITA-Lukas\/wp-content\/uploads\/2023\/08\/IMG_7110-768x512.jpg 768w, https:\/\/maria-magdalena-gemeinde.de\/KITA-Lukas\/wp-content\/uploads\/2023\/08\/IMG_7110-1536x1024.jpg 1536w, https:\/\/maria-magdalena-gemeinde.de\/KITA-Lukas\/wp-content\/uploads\/2023\/08\/IMG_7110-2048x1365.jpg 2048w, https:\/\/maria-magdalena-gemeinde.de\/KITA-Lukas\/wp-content\/uploads\/2023\/08\/IMG_7110-90x60.jpg 90w\" sizes=\"(max-width: 1024px) 100vw, 1024px\" \/>\t\t\t\t\t\t\t\t<\/a>\n\t\t\t\t\t\t\t\t\t\t\t<figcaption class=\"widget-image-caption wp-caption-text\">Videorundgang<\/figcaption>\n\t\t\t\t\t\t\t\t\t\t<\/figure>\n\t\t\t\t\t\t\t\t\t<\/div>\n\t\t\t\t<\/div>\n\t\t\t\t\t<\/div>\n\t\t<\/div>\n\t\t\t\t\t<\/div>\n\t\t<\/section>\n\t\t\t\t<\/div>\n\t\t","protected":false},"excerpt":{"rendered":"<p>Wir, das sind neun p\u00e4dagogische Fachkr\u00e4fte mit unterschiedlichen Stellenanteilen, eine Hauswirtschafterin und eine Reinigungskraft. Um unsere gemeinsame p\u00e4dagogische Aufgabe zu bew\u00e4ltigen, treffen wir uns zu einem regelm\u00e4\u00dfigen Austausch in unserer Teamsitzung. Hier besprechen wir die p\u00e4dagogische Planung wie Angebote, Ausfl\u00fcge, Projekte und Feste. Besonders wichtig sind uns: regelm\u00e4\u00dfige Fallbesprechungen, die Reflexion unserer Arbeit und neue &hellip; <\/p>\n","protected":false},"author":2,"featured_media":0,"parent":0,"menu_order":0,"comment_status":"closed","ping_status":"closed","template":"","meta":{"footnotes":""},"class_list":["post-15","page","type-page","status-publish","hentry"],"_links":{"self":[{"href":"https:\/\/maria-magdalena-gemeinde.de\/KITA-Lukas\/wp-json\/wp\/v2\/pages\/15","targetHints":{"allow":["GET"]}}],"collection":[{"href":"https:\/\/maria-magdalena-gemeinde.de\/KITA-Lukas\/wp-json\/wp\/v2\/pages"}],"about":[{"href":"https:\/\/maria-magdalena-gemeinde.de\/KITA-Lukas\/wp-json\/wp\/v2\/types\/page"}],"author":[{"embeddable":true,"href":"https:\/\/maria-magdalena-gemeinde.de\/KITA-Lukas\/wp-json\/wp\/v2\/users\/2"}],"replies":[{"embeddable":true,"href":"https:\/\/maria-magdalena-gemeinde.de\/KITA-Lukas\/wp-json\/wp\/v2\/comments?post=15"}],"version-history":[{"count":69,"href":"https:\/\/maria-magdalena-gemeinde.de\/KITA-Lukas\/wp-json\/wp\/v2\/pages\/15\/revisions"}],"predecessor-version":[{"id":1769,"href":"https:\/\/maria-magdalena-gemeinde.de\/KITA-Lukas\/wp-json\/wp\/v2\/pages\/15\/revisions\/1769"}],"wp:attachment":[{"href":"https:\/\/maria-magdalena-gemeinde.de\/KITA-Lukas\/wp-json\/wp\/v2\/media?parent=15"}],"curies":[{"name":"wp","href":"https:\/\/api.w.org\/{rel}","templated":true}]}}