{"id":13,"date":"2022-01-05T20:25:05","date_gmt":"2022-01-05T19:25:05","guid":{"rendered":"https:\/\/maria-magdalena-gemeinde.de\/lukas-test-020122\/?page_id=13"},"modified":"2026-02-10T22:28:33","modified_gmt":"2026-02-10T21:28:33","slug":"betreuung-und-anmeldung","status":"publish","type":"page","link":"https:\/\/maria-magdalena-gemeinde.de\/KITA-Oster\/betreuung-und-anmeldung\/","title":{"rendered":"Betreuung und Anmeldung"},"content":{"rendered":"\t\t<div data-elementor-type=\"wp-page\" data-elementor-id=\"13\" class=\"elementor elementor-13\">\n\t\t\t\t\t\t<section class=\"elementor-section elementor-top-section elementor-element elementor-element-ddea705 elementor-section-boxed elementor-section-height-default elementor-section-height-default\" data-id=\"ddea705\" data-element_type=\"section\" data-e-type=\"section\">\n\t\t\t\t\t\t<div class=\"elementor-container elementor-column-gap-default\">\n\t\t\t\t\t<div class=\"elementor-column elementor-col-100 elementor-top-column elementor-element elementor-element-2334b654\" data-id=\"2334b654\" data-element_type=\"column\" data-e-type=\"column\">\n\t\t\t<div class=\"elementor-widget-wrap elementor-element-populated\">\n\t\t\t\t\t\t<div class=\"elementor-element elementor-element-fd81917 elementor-widget elementor-widget-heading\" data-id=\"fd81917\" data-element_type=\"widget\" data-e-type=\"widget\" data-widget_type=\"heading.default\">\n\t\t\t\t<div class=\"elementor-widget-container\">\n\t\t\t\t\t<h4 class=\"elementor-heading-title elementor-size-default\">\u00d6ffnungs- und Betreuungszeiten<\/h4>\t\t\t\t<\/div>\n\t\t\t\t<\/div>\n\t\t\t\t<div class=\"elementor-element elementor-element-cf17e37 elementor-widget elementor-widget-text-editor\" data-id=\"cf17e37\" data-element_type=\"widget\" data-e-type=\"widget\" data-widget_type=\"text-editor.default\">\n\t\t\t\t<div class=\"elementor-widget-container\">\n\t\t\t\t\t\t\t\t\t<p>Unsere Einrichtung ist von Montag bis Freitag von 7.30 Uhr bis 16.00 Uhr ge\u00f6ffnet. Wir betreuen bis zu 103 Kinder in unserer Einrichtung ab dem 3. Lebensjahr bis zur 4. Klasse. Davon sind 63 Kindergartenpl\u00e4tze und 40 Hortpl\u00e4tze. Au\u00dferdem betreuen wir Kinder mit erh\u00f6htem F\u00f6rderbedarf nach ausf\u00fchrlicher Beratung.<\/p><p>In unserem Kindergarten bieten wir drei verschiedene Modelle der Betreuung an:<\/p><p>Halbtagesplatz: bis 12.00 Uhr<br \/>Zweidrittelplatz: bis 14.30 Uhr<br \/>Ganztagesplatz: bis 16.00 Uhr<br \/>In der Schulzeit werden die Hortkinder ab 11.30 Uhr und in den Ferien ab 7.30 Uhr betreut.<\/p><p>Die Einrichtung schlie\u00dft an maximal 27 Tagen (Hort: 22 Tage) im Jahr:<\/p><p>3 Wochen in den Sommerferien<br \/>Tage zwischen Weihnachten und Neujahr<br \/>Br\u00fcckentage, Konzeptionstage, Mitarbeiterausflug<\/p><p>Alle Termine und Schlie\u00dfzeiten werden in schriftlicher Form durch Aush\u00e4nge und Elternbriefe bekanntgegeben.<\/p>\t\t\t\t\t\t\t\t<\/div>\n\t\t\t\t<\/div>\n\t\t\t\t<div class=\"elementor-element elementor-element-2efa2a6 elementor-widget elementor-widget-heading\" data-id=\"2efa2a6\" data-element_type=\"widget\" data-e-type=\"widget\" data-widget_type=\"heading.default\">\n\t\t\t\t<div class=\"elementor-widget-container\">\n\t\t\t\t\t<h4 class=\"elementor-heading-title elementor-size-default\">Anmeldung<\/h4>\t\t\t\t<\/div>\n\t\t\t\t<\/div>\n\t\t\t\t<div class=\"elementor-element elementor-element-4b4b79f elementor-widget elementor-widget-text-editor\" data-id=\"4b4b79f\" data-element_type=\"widget\" data-e-type=\"widget\" data-widget_type=\"text-editor.default\">\n\t\t\t\t<div class=\"elementor-widget-container\">\n\t\t\t\t\t\t\t\t\t<p>Ab dem 11. Dezember 2015 werden alle Betreuungspl\u00e4tze f\u00fcr Frankfurter Kinder von 0 bis 12 Jahren online vermittelt. Ab dem Tag der Inbetriebnahme verlieren die analogen (papierhaften) Vorbemerkungen ihre G\u00fcltigkeit.<\/p><p>Eltern m\u00fcssen ihre Kinder elektronisch \u00fcber <strong><a href=\"http:\/\/www.kindernetfrankfurt.de\" target=\"_blank\" rel=\"noopener\">www.kindernetfrankfurt.de<\/a><\/strong> neu vormerken. F\u00fcr Eltern ohne Internetzugang ist die Erfassung der Betreuungsbedarfe ihrer Kinder \u00fcber die Infob\u00f6rse im Stadtschulamt m\u00f6glich.<\/p><p>Um einen pers\u00f6nlichen Eindruck der Einrichtung zu erm\u00f6glichen, wird es wie bisher, nach Absprache mit der Einrichtung, Kita-F\u00fchrungen, geben.\u00a0<\/p><p>Die Beitr\u00e4ge werden festgelegt von der Stadt Frankfurt. Erm\u00e4\u00dfigungen k\u00f6nnen auf Antrag genehmigt werden. F\u00fcr die Mahlzeiten werden zus\u00e4tzliche Beitr\u00e4ge erhoben.<\/p>\t\t\t\t\t\t\t\t<\/div>\n\t\t\t\t<\/div>\n\t\t\t\t\t<\/div>\n\t\t<\/div>\n\t\t\t\t\t<\/div>\n\t\t<\/section>\n\t\t\t\t<section class=\"elementor-section elementor-top-section elementor-element elementor-element-5e16314 elementor-section-boxed elementor-section-height-default elementor-section-height-default\" data-id=\"5e16314\" data-element_type=\"section\" data-e-type=\"section\">\n\t\t\t\t\t\t<div class=\"elementor-container elementor-column-gap-default\">\n\t\t\t\t\t<div class=\"elementor-column elementor-col-33 elementor-top-column elementor-element elementor-element-a93fa2a\" data-id=\"a93fa2a\" data-element_type=\"column\" data-e-type=\"column\" data-settings=\"{&quot;background_background&quot;:&quot;classic&quot;}\">\n\t\t\t<div class=\"elementor-widget-wrap elementor-element-populated\">\n\t\t\t\t\t\t<div class=\"elementor-element elementor-element-afac6e3 elementor-widget elementor-widget-text-editor\" data-id=\"afac6e3\" data-element_type=\"widget\" data-e-type=\"widget\" data-widget_type=\"text-editor.default\">\n\t\t\t\t<div class=\"elementor-widget-container\">\n\t\t\t\t\t\t\t\t\t<h5 style=\"background-color: #f2f2f2;\">Kontakt<\/h5><p style=\"background-color: #f2f2f2;\">Infob\u00f6rse Kindertagesbetreuung<br \/>Stadtschulamt<br \/>Solmsstra\u00dfe 27-37<br \/>60486 Frankfurt am Main<\/p><p>Telefon: <a href=\"tel: 06921236564\">069\/212-36564<\/a><\/p>\t\t\t\t\t\t\t\t<\/div>\n\t\t\t\t<\/div>\n\t\t\t\t<div class=\"elementor-element elementor-element-594f45c elementor-icon-list--layout-traditional elementor-list-item-link-full_width elementor-widget elementor-widget-icon-list\" data-id=\"594f45c\" data-element_type=\"widget\" data-e-type=\"widget\" data-widget_type=\"icon-list.default\">\n\t\t\t\t<div class=\"elementor-widget-container\">\n\t\t\t\t\t\t\t<ul class=\"elementor-icon-list-items\">\n\t\t\t\t\t\t\t<li class=\"elementor-icon-list-item\">\n\t\t\t\t\t\t\t\t\t\t\t<a href=\"mailto:kindernetfrankfurt.amt40@stadt-frankfurt.de\" target=\"_blank\">\n\n\t\t\t\t\t\t\t\t\t\t\t\t<span class=\"elementor-icon-list-icon\">\n\t\t\t\t\t\t\t<i aria-hidden=\"true\" class=\"far fa-envelope-open\"><\/i>\t\t\t\t\t\t<\/span>\n\t\t\t\t\t\t\t\t\t\t<span class=\"elementor-icon-list-text\">Email an Kindernet Frankfurt senden<\/span>\n\t\t\t\t\t\t\t\t\t\t\t<\/a>\n\t\t\t\t\t\t\t\t\t<\/li>\n\t\t\t\t\t\t\t\t<li class=\"elementor-icon-list-item\">\n\t\t\t\t\t\t\t\t\t\t\t<a href=\"http:\/\/www.kindernetfrankfurt.de\" target=\"_blank\">\n\n\t\t\t\t\t\t\t\t\t\t\t\t<span class=\"elementor-icon-list-icon\">\n\t\t\t\t\t\t\t<i aria-hidden=\"true\" class=\"fas fa-external-link-alt\"><\/i>\t\t\t\t\t\t<\/span>\n\t\t\t\t\t\t\t\t\t\t<span class=\"elementor-icon-list-text\">www.kindernetfrankfurt.de<\/span>\n\t\t\t\t\t\t\t\t\t\t\t<\/a>\n\t\t\t\t\t\t\t\t\t<\/li>\n\t\t\t\t\t\t<\/ul>\n\t\t\t\t\t\t<\/div>\n\t\t\t\t<\/div>\n\t\t\t\t\t<\/div>\n\t\t<\/div>\n\t\t\t\t<div class=\"elementor-column elementor-col-33 elementor-top-column elementor-element elementor-element-0af995f\" data-id=\"0af995f\" data-element_type=\"column\" data-e-type=\"column\">\n\t\t\t<div class=\"elementor-widget-wrap\">\n\t\t\t\t\t\t\t<\/div>\n\t\t<\/div>\n\t\t\t\t<div class=\"elementor-column elementor-col-33 elementor-top-column elementor-element elementor-element-54082de\" data-id=\"54082de\" data-element_type=\"column\" data-e-type=\"column\">\n\t\t\t<div class=\"elementor-widget-wrap\">\n\t\t\t\t\t\t\t<\/div>\n\t\t<\/div>\n\t\t\t\t\t<\/div>\n\t\t<\/section>\n\t\t\t\t<\/div>\n\t\t","protected":false},"excerpt":{"rendered":"<p>\u00d6ffnungs- und Betreuungszeiten Unsere Einrichtung ist von Montag bis Freitag von 7.30 Uhr bis 16.00 Uhr ge\u00f6ffnet. Wir betreuen bis zu 103 Kinder in unserer Einrichtung ab dem 3. Lebensjahr bis zur 4. Klasse. Davon sind 63 Kindergartenpl\u00e4tze und 40 Hortpl\u00e4tze. Au\u00dferdem betreuen wir Kinder mit erh\u00f6htem F\u00f6rderbedarf nach ausf\u00fchrlicher Beratung. In unserem Kindergarten bieten &hellip; <\/p>\n","protected":false},"author":2,"featured_media":0,"parent":0,"menu_order":0,"comment_status":"closed","ping_status":"closed","template":"","meta":{"footnotes":""},"class_list":["post-13","page","type-page","status-publish","hentry"],"_links":{"self":[{"href":"https:\/\/maria-magdalena-gemeinde.de\/KITA-Oster\/wp-json\/wp\/v2\/pages\/13","targetHints":{"allow":["GET"]}}],"collection":[{"href":"https:\/\/maria-magdalena-gemeinde.de\/KITA-Oster\/wp-json\/wp\/v2\/pages"}],"about":[{"href":"https:\/\/maria-magdalena-gemeinde.de\/KITA-Oster\/wp-json\/wp\/v2\/types\/page"}],"author":[{"embeddable":true,"href":"https:\/\/maria-magdalena-gemeinde.de\/KITA-Oster\/wp-json\/wp\/v2\/users\/2"}],"replies":[{"embeddable":true,"href":"https:\/\/maria-magdalena-gemeinde.de\/KITA-Oster\/wp-json\/wp\/v2\/comments?post=13"}],"version-history":[{"count":40,"href":"https:\/\/maria-magdalena-gemeinde.de\/KITA-Oster\/wp-json\/wp\/v2\/pages\/13\/revisions"}],"predecessor-version":[{"id":1992,"href":"https:\/\/maria-magdalena-gemeinde.de\/KITA-Oster\/wp-json\/wp\/v2\/pages\/13\/revisions\/1992"}],"wp:attachment":[{"href":"https:\/\/maria-magdalena-gemeinde.de\/KITA-Oster\/wp-json\/wp\/v2\/media?parent=13"}],"curies":[{"name":"wp","href":"https:\/\/api.w.org\/{rel}","templated":true}]}}